 695519 is divided by 24?
23
What is the remainder when 53282959 is divided by 1629?
1627
Calculate the remainder when 5608744 is divided by 5198.
102
What is the remainder when 48191 is divided by 9052?
2931
Calculate the remainder when 114075216 is divided by 26.
8
Calculate the remainder when 5648916 is divided by 20247.
3
What is the remainder when 431781125 is divided by 730?
725
Calculate the remainder when 1835844 is divided by 178.
130
Calculate the remainder when 10065045 is divided by 234.
3
Calculate the remainder when 15742421 is divided by 334.
333
Calculate the remainder when 940925 is divided by 187935.
1250
Calculate the remainder when 12526 is divided by 12445.
81
Calculate the remainder when 451191 is divided by 3028.
19
What is the remainder when 3125713 is divided by 51?
25
Calculate the remainder when 51918 is divided by 12857.
490
What is the remainder when 178811 is divided by 329?
164
What is the remainder when 6435225 is divided by 417?
81
Calculate the remainder when 4660865 is divided by 423714.
11
Calculate the remainder when 283696 is divided by 282301.
1395
Calculate the remainder when 14081234 is divided by 8.
2
Calculate the remainder when 3259349 is divided by 59.
12
Calculate the remainder when 69742407 is divided by 1110.
1107
Calculate the remainder when 5314697 is divided by 570.
17
What is the remainder when 5042974 is divided by 879?
151
What is the remainder when 1696719 is divided by 1696711?
8
What is the remainder when 52840 is divided by 166?
52
Calculate the remainder when 309750285 is divided by 11.
9
Calculate the remainder when 2819195 is divided by 2952.
35
Calculate the remainder when 655352 is divided by 1768.
1192
What is the remainder when 286647 is divided by 1542?
1377
Calculate the remainder when 2023092 is divided by 289010.
22
What is the remainder when 179185137 is divided by 311?
310
Calculate the remainder when 7064149 is divided by 441507.
37
Calculate the remainder when 14454267 is divided by 1806781.
19
What is the remainder when 9626 is divided by 578?
378
What is the remainder when 53836 is divided by 17611?
1003
Calculate the remainder when 149688027 is divided by 277.
274
Calculate the remainder when 7735208 is divided by 724.
716
Calculate the remainder when 2255534 is divided by 80.
14
What is the remainder when 372207 is divided by 653?
650
Calculate the remainder when 9848224 is divided by 2622.
2614
What is the remainder when 1175919 is divided by 235162?
109
What is the remainder when 14910098 is divided by 9?
5
What is the remainder when 4561662 is divided by 173?
171
Calculate the remainder when 4475777 is divided by 1118944.
1
Calculate the remainder when 2274285 is divided by 7131.
6627
Calculate the remainder when 23014 is divided by 384.
358
Calculate the remainder when 57019 is divided by 7553.
4148
What is the remainder when 443804 is divided by 2791?
35
Calculate the remainder when 9652251 is divided by 16.
11
Calculate the remainder when 13564572 is divided by 1775.
22
Calculate the remainder when 10028275 is divided by 122.
119
Calculate the remainder when 17565834 is divided by 147612.
6
What is the remainder when 21482643 is divided by 17?
15
Calculate the remainder when 293366 is divided by 8144.
182
Calculate the remainder when 13676680 is divided by 3419097.
292
What is the remainder when 464496 is divided by 21113?
10
What is the remainder when 2982390 is divided by 76?
74
Calculate the remainder when 1821849 is divided by 82774.
821
What is the remainder when 5230222 is divided by 1541?
68
What is the remainder when 3884797 is divided by 92495?
7
What is the remainder when 8467465 is divided by 1058432?
9
Calculate the remainder when 43027364 is divided by 66.
50
Calculate the remainder when 4189504 is divided by 23940.
4
What is the remainder when 196075897 is divided by 11?
6
What is the remainder when 925531 is divided by 61699?
46
What is the remainder when 27703616 is divided by 13851803?
10
What is the remainder when 20617195 is divided by 3651?
3649
What is the remainder when 3561424 is divided by 29192?
0
What is the remainder when 646948 is divided by 323462?
24
Calculate the remainder when 10336477 is divided by 4878.
4873
What is the remainder when 126134 is divided by 17987?
225
Calculate the remainder when 944888 is divided by 188943.
173
What is the remainder when 4662746 is divided by 478?
334
What is the remainder when 395343 is divided by 497?
228
What is the remainder when 160589 is divided by 40119?
113
What is the remainder when 140363 is divided by 84?
83
Calculate the remainder when 322976 is divided by 6871.
39
What is the remainder when 26697 is divided by 5298?
207
What is the remainder when 15865792 is divided by 22?
8
What is the remainder when 260236 is divided by 37?
15
What is the remainder when 60482 is divided by 1552?
1506
Calculate the remainder when 15317723 is divided by 2622.
2621
What is the remainder when 3246045 is divided by 295091?
44
Calculate the remainder when 1846731 is divided by 153.
21
Calculate the remainder when 75673488 is divided by 3757.
3751
Calculate the remainder when 9501088 is divided by 535.
23
What is the remainder when 11089801 is divided by 1844?
1829
What is the remainder when 142246358 is divided by 47415450?
8
Calculate the remainder when 698464 is divided by 1067.
646
Calculate the remainder when 379287 is divided by 8820.
27
Calculate the remainder when 12312 is divided by 2249.
1067
Calculate the remainder when 464975 is divided by 228.
83
Calculate the remainder when 428925246 is divided by 13550.
13546
Calculate the remainder when 3349161 is divided by 837289.
5
Calculate the remainder when 10463494 is divided by 2317.
2239
What is the remainder when 164214 is divided by 2040?
1014
What is the remainder when 4364506 is divided by 2182221?
64
What is the remainder when 17946866 is divided by 185019?
23
What is the remainder when 2568420 is divided by 819?
36
Calculate the remainder when 117153 is divided by 119.
57
Calculate the remainder when 52004417 is divided by 32.
1
What is the remainder when 2446096288 is divided by 2317?
2316
Calculate the remainder when 1569637 is divided by 1851.
1840
Calculate the remainder when 141811 is divided by 933.
928
What is the remainder when 977040 is divided by 75156?
12
What is the remainder when 8347509 is divided by 625?
9
Calculate the remainder when 601797 is divided by 719.
713
What is the remainder when 7457183 is divided by 1421?
1196
Calculate the remainder when 18200678 is divided by 5917.
5903
What is the remainder when 13592476 is divided by 78569?
39
Calculate the remainder when 4698627 is divided by 187942.
77
What is the remainder when 76370052 is divided by 951?
948
Calculate the remainder when 1193436 is divided by 595586.
2264
What is the remainder when 624307 is divided by 89184?
19
Calculate the remainder when 113339 is divided by 1589.
520
Calculate the remainder when 315718 is divided by 705.
583
What is the remainder when 7446326 is divided by 163?
160
Calculate the remainder when 20833 is divided by 614.
571
What is the remainder when 80689 is divided by 2793?
2485
What is the remainder when 39066 is divided by 5201?
2659
What is the remainder when 2368863 is divided by 1994?
1985
Calculate the remainder when 1579483 is divided by 11787.
25
What is the remainder when 14871939 is divided by 14871932?
7
Calculate the remainder when 162581 is divided by 14.
13
What is the remainder when 14043119 is divided by 26?
25
Calculate the remainder when 369139 is divided by 408.
307
What is the remainder when 268525 is divided by 53388?
1585
What is the remainder when 954398 is divided by 954372?
26
What is the remainder when 20401938 is divided by 2137?
2136
What is the remainder when 11975112 is divided by 1995807?
270
Calculate the remainder when 15336655 is divided by 424.
151
Calculate the remainder when 477045970 is divided by 59630746.
2
What is the remainder when 404630 is divided by 200?
30
What is the remainder when 30088 is divided by 28983?
1105
What is the remainder when 667530 is divided by 222438?
216
Calculate the remainder when 4503995 is divided by 422.
411
Calculate the remainder when 23376694 is divided by 347